0. Let m(z) = -6 - 2 + 2*z + s + 4. Calculate m(-3).
-8
Let z(m) = m**3 - 2*m**2 - m + 4. Let w be (10 + 2)*((-9)/(-6) - 3). Let r = w + 21. Determine z(r).
10
Let t(a) = -a**2 - 2*a + 4. Let f be t(-2). Let k(i) = 3 + 3*i**2 + 2*i - 6*i**2 + 2*i**2. Calculate k(f).
-5
Let m(i) be the third derivative of i**6/720 + i**5/120 + i**4/3 + 7*i**2. Let h(t) be the second derivative of m(t). Give h(4).
5
Let t(f) = f**2 + 8*f - 4. Suppose 4*s = -3*h - 23, 4*h - 7*h = -s + 28. Calculate t(h).
5
Let l(m) = -2*m**3 - 23*m**2 - 13*m - 24. Let f be l(-11). Let v(h) = -h + 5*h**2 - 8*h**2 + 4*h**2 - h. Give v(f).
8
Let q(v) = -2*v - 5. Let k = 31 + -15. Suppose -2*u + k = -6*u. What is q(u)?
3
Let s be 5/2 - 3/6. Let f(j) = 13*j**s - 4*j - 22*j**2 + 10*j**2. Calculate f(5).
5
Let t(b) = -b**2 - b**3 - 25 - 25 - 5*b + 56 + 0*b. Let n(p) = -3*p**3 - 3*p**2 - 14*p + 18. Let j(d) = 4*n(d) - 11*t(d). What is j(0)?
6
Let r(l) be the third derivative of l**8/20160 - l**7/1260 - l**6/180 + 13*l**5/60 - 7*l**2. Let o(x) be the third derivative of r(x). Calculate o(5).
1
Let z(i) = i**3 - 10*i**2 - 10*i + 3. Let j be 62/(-155) + 57/5. Determine z(j).
14
Suppose -3*c - h + 50 = 0, -h - 76 = -2*c - 2*c. Let t(n) = -c*n - 24*n + n**2 - 2*n**2 + 3 + 46*n. Give t(-2).
-9
Let v(n) = -n**2 + 6*n - 12. Let s(j) = 4*j**2 - 23*j + 51. Let l(o) = 2*s(o) + 9*v(o). What is l(4)?
10
Suppose -5*j + 2 + 13 = 0, 2*c - 2*j = 18. Let o(s) = 1 + 5*s + 3*s - c*s + 5*s. What is o(-5)?
-4
Let p(j) = 19*j**2 + 8*j - 28. Let y(x) = -28*x**2 - 9*x + 29. Let g(f) = -3*p(f) - 2*y(f). Determine g(-9).
-1
Suppose -5*l - 2 = 3. Let n(p) = -p**2 - p + 5. Let a(s) = 2*s**2 + s - 4. Let b(u) = 5*a(u) + 4*n(u). Give b(l).
5
Let l(r) = 0 - 1 + r + 0. Suppose 3*g + 4*x = -22, -11 = 2*x - 3. Let v be 2 + (-1)/1*2 - g. Give l(v).
1
Let r(m) = m**3 - 12*m**2 + 11*m - 7. Let g be 0 + 2 + (5 - -4). Calculate r(g).
-7
Suppose 7*v - 5 = 4*v + 2*y, -13 = -5*v + y. Let g be v/(4 - 5) - -12. Let w(k) = k - 1. What is w(g)?
8
Let x = -673 - -677. Let q(l) = -l - 5. Determine q(x).
-9
Suppose -2*u = -5*v + 4, 5*u + 11 - 1 = -v. Let c(t) = t**2 - t + 5. Give c(v).
5
Suppose -1536 = -13*o - 3*o. Suppose -4*j + o = 100. Let c(d) = -4*d**3 + d. Determine c(j).
3
Suppose -7*z + 14 + 7 = 0. Let i(h) = 8*h + 5 - 5*h - 3 - z. Determine i(-1).
-4
Let y = -97 + 96. Let j(p) = 11*p**3 - p**2 - 2*p - 1. Determine j(y).
-11
Let f(r) be the second derivative of -r**5/20 - 11*r**4/12 + 13*r**3/6 + 6*r**2 + 61*r + 1. What is f(-12)?
0
Let j be 44/88 + 5/2. Let k = 15 + -3. Let x be -5 + 0/(k/j). Let w(o) = -o**2 - 7*o + 2. What is w(x)?
12
Let x be 8/(-36) - (-79)/(-9). Let q be 9*3*(-1)/x. Let a(h) = 3*h**3 - 6*h**2 + h - 3. Let w(n) = -n**3 + n**2 + n + 1. Let g(l) = a(l) + 2*w(l). What is g(q)?
-1
Let a(n) = 3*n**2 + n + 1. Let u be a(-1). Suppose u*f = -3*i + 21, -5*f + 8 = -i - 9. Let d(s) = f*s**2 - 3*s + 2 - 3*s**2 + 0*s. What is d(-3)?
20
Let q(z) = -z**2 - 3*z - 3. Let w = 160 - 164. Determine q(w).
-7
Let q(i) = i**3 - 10*i**2 + 8*i + 6. Let y(z) = z**2 + 18*z - 10. Let o be y(-19). Let d be q(o). Let h(p) = -p**2 - 3*p + 4. What is h(d)?
4
Let x(h) = h**2 - 6*h. Let s be (6/(-4))/(1/(-4)). Let g be x(s). Let w(f) = -2*f + 2. Let p(y) = y - 3. Let o(q) = -3*p(q) - 2*w(q). What is o(g)?
5
Let g(d) be the second derivative of d**5/10 + 55*d**4/12 - 14*d**3/3 + 2*d**2 + 401*d + 1. Calculate g(-28).
4
Let k(v) = -61 + v**2 + 3*v**2 - 5*v**2 + 51 + v. Let t be (-54)/81 + (-4)/(-6). What is k(t)?
-10
Let f(b) = -b**3 + 6*b**2 + b + 1. Suppose 27*q + 2888 = 8*q. Let j be q/(-26) + (-2)/(-13). Calculate f(j).
7
Let z(p) be the first derivative of p**2/2 - 2*p - 41. What is z(7)?
5
Let m(d) be the third derivative of d**5/60 + d**4/8 - 2*d**3/3 - d**2. Let n = -5 - -17. Let a(b) = b**3 - 12*b**2 - b + 7. Let x be a(n). Determine m(x).
6
Let x(t) = -11*t**2 + 21*t + 11. Let j(b) = 5*b**2 - 9*b - 5. Let v(s) = -7*j(s) - 3*x(s). Let n be ((-3)/(-6))/((-2)/(-12)). Calculate v(n).
-16
Let f(t) = -9*t + 10 + 3*t - 4*t + 1408*t**2 - 1409*t**2. Calculate f(-10).
10
Let g(c) = c**2 + 4*c - 5. Let t(q) = 23*q + 774. Let i be t(-34). Give g(i).
27
Let c(g) = 8*g + 4. Let t(s) = 3*s + 1. Suppose 2*l + 8 = 18. Let y(b) = l*c(b) - 14*t(b). What is y(-5)?
16
Suppose -7*p = -14*p + 42. Let n(f) be the first derivative of -f**2/2 + 8*f - 22. Calculate n(p).
2
Let m(n) be the second derivative of -n**3/3 + 23*n**2/2 - 6*n + 1. Let y be (-2)/4 + 21/(-2). Let v(u) = u - 12. Let f(p) = y*v(p) - 6*m(p). What is f(4)?
-2
Let g be 21*11/(77/6). Let c be (-58)/(-12) + 3/g. Suppose 5*k + c = -15. Let a(i) = -i - 1. What is a(k)?
3
Let p = -9 + 16. Suppose v = -n + p, -2*n = -4*v + 11 - 1. Let a(j) = -j**3 + 3*j**2 + 7*j - 5. Give a(v).
7
Let a = -948 + 944. Let n(q) = -q**3 - 5*q**2 - 4*q - 2. Give n(a).
-2
Let a(l) be the first derivative of l**6/120 + l**5/12 - 7*l**4/24 + 5*l**3/6 - 17*l**2/2 - 3. Let w(q) be the second derivative of a(q). What is w(-6)?
11
Let g(a) = 2 - 2*a**2 - 6 + 3*a**2 - 2. Suppose -6*z = -18*z. Determine g(z).
-6
Let j(c) = 14*c - 8*c - 15*c - 21 - 21*c**2 - 2*c**3. Let l(g) = -g**3 - 11*g**2 - 4*g - 11. Let w(u) = -4*j(u) + 7*l(u). Calculate w(-6).
-5
Let b(d) = -d + 2. Let j be b(8). Let c(v) be the first derivative of -v**4/4 - 2*v**3 - 3*v**2/2 - 2*v - 8. Determine c(j).
16
Let v(s) be the third derivative of 0 + 1/24*s**4 + 1/6*s**3 + 0*s + 14*s**2. Suppose 9 + 6 = -5*w. Calculate v(w).
-2
Let v(y) = -y**2 - y + 4. Suppose -4*o = 2*a + 28, -a + 5*o + 12 + 2 = 0. Let w = a - -3. Give v(w).
-2
Suppose -n - 10 = 4*n - 2*b, 3*n = b - 5. Let p be (-14)/(-2)*((-58)/(-7) - 8). Let s(j) = -3 - 2 - 61*j**2 + j**3 + 62*j**p. Determine s(n).
-5
Let k(y) = 11*y**3 + 6*y**2 + 12*y + 2. Let l(i) = 2*i**3 + i - 1. Let b(p) = k(p) - 6*l(p). Calculate b(7).
1
Let t be ((-4)/5)/((-3)/(-15)). Let p(n) = -14*n + 12. Let x(u) = 38*u - 34. Let f(s) = -11*p(s) - 4*x(s). Determine f(t).
-4
Let g(x) = -2*x**2 - 2*x**2 + 5*x**3 + 0*x**2 - 4*x**3. Let u be g(4). Let y(q) = q - 7. Let o(j) = -4*j + 20. Let l(t) = 2*o(t) + 7*y(t). What is l(u)?
-9
Let t(i) be the third derivative of 1/6*i**3 + 0 + 7/24*i**4 + 0*i - 12*i**2. Let j be 1*3*(-5)/15. What is t(j)?
-6
Let n be (-1 - -5) + (22 - 22). Let h(r) = -r**3 + 4*r**2 + r - 5. Give h(n).
-1
Let q(b) be the first derivative of -b**3/3 - 3*b**2 + 3*b + 126. Determine q(-6).
3
Let w(s) be the second derivative of -5*s**3 - 2*s**2 - 406*s - 2. Determine w(2).
-64
Let b(w) be the third derivative of w**6/120 + w**5/12 + w**4/12 - w**3 + 182*w**2. Give b(-5).
-16
Let b(k) = -k**2 + 13*k + 17. Let v be (742/(-318))/(1/(-6)). What is b(v)?
3
Let n(w) = -13*w - 5 + 3*w + 6 - 2. Let s be 1*(2/1 - 0). Suppose -y - 3*q = 8, s*y - q - 4 = 1. What is n(y)?
-11
Suppose 0 = 2*h - 0*h + 14. Let z(i) = -i**2 - 7*i - 6. Let u be z(h). Let r(k) = 47*k**2 + 41*k**2 - 6*k + 5 + 47*k**2 - 136*k**2. Determine r(u).
5
Let j = -8 + 11. Suppose -j*p + 7 = -5. Suppose 13 = -p*n + 5. Let f(v) = -v**3 - 4*v**2 - 2*v + 1. What is f(n)?
-3
Let f(g) = 8*g**3 + g**2 - 17*g + 3. Let r(s) = -4*s**3 + 7*s - 1. Let d(h) = 3*f(h) + 7*r(h). Determine d(2).
-22
Let y(f) be the third derivative of f**6/120 + f**5/6 - f**3/6 + 33*f**2. What is y(-10)?
-1
Let w(x) = -x + 11. Suppose -2*j + 45 = 5*m, -m - 3*m - 3*j + 36 = 0. Let s be w(m). Let t be 3/s*(-2)/(-3). Let n(k) = 9*k**2. Give n(t).
9
Let v be (0 + 1 - 4)/(-1). Let i be 6*(-3)/(-9) - -3. Let n(g) = -1 + 8*g**2 - i*g**2 + 0*g**2 - g**3. Calculate n(v).
-1
Suppose 4 + 5 = 3*a. Let l(z) = 2 + a*z**3 - 6*z**2 + 0 - 6*z + z**2 - 2*z**3. What is l(6)?
2
Suppose 0 = 4*j + 14 - 66. Let b(d) = 7*d + 3*d - 14 + d**3 - j*d**2 + 4 + 4*d**2. Calculate b(8).
6
Let k(m) = m + 28. Let j(z) = -2*z - 28. Let i(p) = -3*j(p) - 2*k(p). Give i(-8).
-4
Let p(v) = -133 - 134 - 125 + 392 - v. Give p(-8).
8
Let s(x) be the second derivative of x**5/20 - 11*x**4/12 - 13*x**3/6 + 17*x**2/2 - x + 123. Calculate s(12).
5
Let b(x) be the first derivative of -x**2 + 10*x - 12. Let j be b(4). Let h(g) = 4*g**2 - 1. Calculate h(j).
15
Let t(x) = x**3 + x - 1. Let l(k) = -3*k**3 + 4*k**2 - 2*k - 2. Let i = -12 + 11. Let n(h) = i*l(h) - 2*t(h). What is n(3)?
-5
Let m(w) = w**3 - 5*w**2 + 2*w - 7. Let f be 4*(-12)/(